m - 24 = -3*v. Give d(m).
5
Let u(q) be the first derivative of -19 - q + 3*q - 5*q**3 + 6*q**3 + 2*q**2. Calculate u(-2).
6
Let c(u) = -3*u**2 - 5*u**3 + 5*u**3 - 2*u**3 + 3*u**3 - 2 + 0*u**3. Determine c(3).
-2
Let v(d) = -d**3 - d + 1. Let s(z) = -4*z**3 - 3*z**2 - 3*z + 1. Let c(x) = -s(x) + 5*v(x). Let o be c(3). Let u(k) = -7*k - 1 - 2*k + 7*k. Give u(o).
3
Let s be 825/(-20) + 2/8. Let c = -68 - s. Let u = c - -26. Let r(g) = g**3 + 1. What is r(u)?
0
Let k(r) = -7*r + 22. Let l(g) = 4*g - 14. Let y(i) = -3*k(i) - 5*l(i). Let j(m) = m**3 + 7*m**2 + 7*m + 6. Let a be j(-6). Determine y(a).
4
Let p(r) = 757 - 374 - 379 + 5*r. Give p(-2).
-6
Let j(q) = 2 + 4*q**2 + 0*q**3 - q**3 + 7*q**2 - 7*q**2 - 4*q. Suppose -2*v + 4*h + 22 = 0, 3*h + h + 10 = -2*v. Let i be j(v). Let m(p) = -5*p. Give m(i).
5
Let m = -1077 - -1070. Let i(x) = -3*x - 14. What is i(m)?
7
Let o(h) = 14*h + 2. Let n be o(2). Suppose -3*l = 2*y - 1 - 4, 0 = -3*l - y + 10. Suppose l*z + n = -z. Let k(u) = -2*u**2 - 8*u - 7. Determine k(z).
-17
Let a(f) = f - 6. Let j = -110 + 74. Let g = j + 30. What is a(g)?
-12
Let p(t) = 5*t**2 - 2*t + 4. Let k(i) = 14*i**2 - 7*i + 12. Let d(m) = -3*k(m) + 8*p(m). What is d(3)?
-7
Let q = 42 - -3. Let n = 32 + -28. Suppose -25 = i + n*i + v, 3*v = 5*i + q. Let s(y) = y**3 + 5*y**2 - 7*y + 3. Determine s(i).
9
Let w(g) = -g**2 - 3*g - 1. Suppose -3*x - 4 = -1. Let i(f) = -2*f**3 - 2*f - 1. Let j be i(x). Suppose 2*b = -5*n + 6, j*n + 2 = -b - 3*b. Give w(b).
1
Let r = 4226 - 4232. Let p(i) be the second derivative of -i**2/2 + 2*i. Let f(x) = x**2 + 9*x + 3. Let c(o) = -f(o) + 2*p(o). Determine c(r).
13
Let v = 3 - 6. Let l(f) be the third derivative of f**5/30 - f**4/24 - f**3/2 + 2*f**2 + 44*f. Determine l(v).
18
Let a = 7 + -16. Let n(q) = q**3 + 10*q**2 + 6*q + 9. What is n(a)?
36
Let l be (0 - 2/7) + (-132)/77. Let a be 3/(-6)*(-28)/l. Let g(i) = i**3 + 7*i**2 + i + 7. Calculate g(a).
0
Let f(i) = -i**2 - 2*i + 2. Let d be f(1). Let g(l) be the first derivative of -8*l**3/3 + l + 12. Give g(d).
-7
Let w(o) be the first derivative of o**2/2 + 16*o - 864. Give w(-26).
-10
Let y(r) be the second derivative of r**4/3 - r**3/3 + r**2/2 + 154*r. Suppose -5*l + 12 = -2*l. Suppose 5*c + 3 - 12 = -4*h, -5*h + l = -c. What is y(h)?
3
Let p(j) = j**3 - 12*j**2 + 4*j - 8. Let q(m) = -m**3 + 11*m**2 - 4*m + 7. Let t(l) = -6*p(l) - 7*q(l). Suppose 0 = y - 173 + 169. What is t(y)?
-1
Let q(b) = b**3 + 5*b**2 - 22*b - 1. Let u be q(-7). Let p be ((-6 + 2)/2)/(10/u). Let i(v) = v + 5. What is i(p)?
-6
Let d(s) = -7*s**2 - s + 2. Let b(z) = -24*z**2 - 6*z + 6. Let t(n) = 2*b(n) - 7*d(n). Let o be (1 - 1)/(-2) - 0. Suppose o = h + h - 10. Determine t(h).
-2
Let n(k) = 393 + 2*k - 782 + 392. Give n(-3).
-3
Let i = 34 + -30. Let s(f) = 11 - 2 - i - f. Calculate s(3).
2
Suppose -13 + 25 = 6*p. Let t(q) = 2*q - 5 + 3*q**3 + q**3 - 6*q**p - 5*q**3 - 7*q. Determine t(-5).
-5
Let z(n) = 2*n**2 + 5*n + 3. Suppose 17*v - 480 = 11*v. Let p = v + -84. Calculate z(p).
15
Let s(x) = 3*x**2 + 2*x - 1. Let v be s(-2). Let i(b) = 7*b - v + b + b**2 + 3*b - 3*b. Calculate i(-8).
-7
Let z(m) = -189*m + 92*m + 6 + 96*m. Determine z(-7).
13
Let f(t) = -24 + 22*t - 12*t - 6*t. Determine f(7).
4
Let j(l) = 6*l**3 - 8*l + l**3 - 5*l**2 - 4 + 8*l**3 - 14*l**3. Give j(6).
-16
Let k(w) be the first derivative of -26 + 7*w + 1/2*w**2. Determine k(-5).
2
Let f(y) be the second derivative of y**4/12 - 7*y**3/6 - 17*y**2/2 + 265*y. What is f(8)?
-9
Let g(v) be the first derivative of -v**4/4 + v**2 - 10*v - 28. Let u(b) be the first derivative of g(b). Calculate u(2).
-10
Let k(q) = -2*q**2 - 10*q - 1. Let c(w) = 4*w**2 + 25*w + 2. Let f(n) = 2*c(n) + 5*k(n). Calculate f(1).
-3
Let b(p) = -p**2 + 19*p - 31. Let a(v) = 2*v**3 + 52*v**2 - 3*v - 61. Let g be a(-26). Calculate b(g).
3
Let r = 2/257 - -233/3084. Let v(s) be the second derivative of 10*s - 3/2*s**2 - r*s**4 - 5/6*s**3 + 0. Calculate v(-4).
1
Let c(s) be the second derivative of -s**4/12 - s**3/3 + 3*s**2/2 + 399*s. Give c(-3).
0
Let z(d) = -d**3 - 4*d**2 + 4*d + 1. Let b = 49 + -47. Suppose -b*f - 5 = -s, 0*f - 3*s + 11 = -5*f. Give z(f).
-15
Let d be -2 + -1 - (-2 - 7). Let q(t) = t - 7. Determine q(d).
-1
Let u(h) = 5*h**2 + 3*h + 2. Let y(k) = -6*k**2 - 2*k - 2. Let v(r) = -5*u(r) - 4*y(r). Determine v(-4).
10
Let k(t) = t**3 + 5*t**2 - 4*t - 8. Let z be ((-24)/2)/(6/3). Calculate k(z).
-20
Let f(j) = j**3 + j**2 - 7*j + 2. Let a(v) = v**3 - 8*v + 2. Let g(q) = 4*a(q) - 5*f(q). What is g(-6)?
16
Let l(u) = 5*u - 30. Let y(a) = -16*a + 90. Let w(t) = -7*l(t) - 2*y(t). Give w(12).
-6
Let q(u) = -41*u**3 - 4*u**2 + 42*u**3 + 3*u**2 + 6. Let y = 8 - 8. Determine q(y).
6
Let q(b) = b**2 - 8*b - 24. Let f be -5 + 2 + 1 + 17 + -5. What is q(f)?
-4
Let l(y) = 24*y - 8 + 12*y - 36*y + 5*y - 2*y**2. Determine l(2).
-6
Let z(y) = 0*y + 2*y + 3 + 0 - 4 + y**2. Let q(c) = c + 7. Let j be q(-5). Suppose -2*k + 3*i + 8 = 0, j*k - k + 5*i = -22. What is z(k)?
-1
Let f = 2 + 3. Suppose -f*a + 8 = x, 14 - 2 = 4*x. Let i(m) = -2*m**2 + m**3 + 2*m**2 - a + 3*m**2. Calculate i(-1).
1
Let y be 143/22 - 2/4. Suppose -y*o = -5*o - 1. Let s(m) = 10*m**3 - 2*m + 1. Determine s(o).
9
Let i(d) be the first derivative of -11*d**2/2 + 4*d - 633. Calculate i(2).
-18
Let q(l) be the first derivative of l**2/2 - 2*l + 357. Determine q(0).
-2
Let v(l) = 11*l - 7. Let x(c) = -5*c + 3. Let p = 27 - 40. Let i(g) = p*x(g) - 6*v(g). What is i(0)?
3
Suppose -a - 2*n = 0, 6*a = 3*a - n + 10. Let c(f) = 4 - 2*f - f - a + 2. Give c(-3).
11
Let g(l) = -l**3 + 9*l**2 - 9*l + 6. Let f(u) = u**3 - 11*u**2 + 10*u - 7. Let x(b) = 6*f(b) + 7*g(b). Give x(-3).
9
Let h(q) = -1. Let j(i) = -i + 6. Let z(t) = 4*h(t) + j(t). Suppose -2*d - 118 = -5*r + d, -2*r + d + 48 = 0. Let f = r + -20. Calculate z(f).
-4
Let a(u) = 8*u + 27. Suppose -1 = -3*r + 4*t, r + 2*t + 3 = -10. Give a(r).
-13
Let c(t) = -4*t**2 - 3*t**3 - 4*t + 2*t**2 - 4 - 2*t**3 - 2. Let s(z) = 4*z**3 + z**2 + 3*z + 5. Let y(x) = 5*c(x) + 6*s(x). Calculate y(-3).
-3
Let f(i) = i**2 - 5*i + 3. Suppose -3 = d + 4*u, -2*d = -d + u - 3. What is f(d)?
3
Let r(u) = -14*u**3 - 2*u**2 + 0*u + u - 2*u**3 + 6*u**3. Give r(1).
-11
Let y(s) be the second derivative of s**4/12 - 4*s**3/3 + 5*s**2 - 191*s. Suppose 4*j = 31 + 1. What is y(j)?
10
Let p(t) be the third derivative of t**5/5 + t**4/12 + t**3/6 + 91*t**2. Determine p(-1).
11
Suppose 4*k + 2*q = 7*k + 37, -2*q + 4 = 0. Let g(c) = 3 + 2*c + 4 - c. What is g(k)?
-4
Let n = 2 - -6. Let w(y) = -y + 9. Give w(n).
1
Let n(p) be the first derivative of p**5/20 + p**4/12 + 5*p**2/2 + 13*p + 14. Let j(x) be the first derivative of n(x). What is j(0)?
5
Let z(a) = -a**3 - 5*a**2 + 2*a - 17. Let k = 146 - 152. Determine z(k).
7
Let o = 40 - 23. Let v = o + -12. Let d(f) = 6*f**2 + 4 - f**3 + 0*f**3 + 0*f**2 - 3*f - 5*f. Determine d(v).
-11
Let c(i) = i**2 - i - 4. Let g = -6 + 4. Let y(n) be the third derivative of -n**5/60 - n**4/12 - n**2 - 17*n. Let p be y(g). Determine c(p).
-4
Let v be (62/1)/((-10)/(-5)). Let r(s) = -33 + s + 61 - v. Let p = 3 + 2. Give r(p).
2
Let h(f) = -11*f - 211. Let y be h(-18). Let z(n) = -n**2 - 12*n + 7. What is z(y)?
-6
Let q(t) be the first derivative of -18 + 1/4*t**4 - 2/3*t**3 + 4*t - 3/2*t**2. Let v be 2/3 + (-7)/(-3). Calculate q(v).
4
Let h(k) be the third derivative of k**4/24 + 11*k**3/6 - 13*k**2. Let j = -246 + 237. What is h(j)?
2
Let s be 3 + -1 + 1 + 0. Let c(v) = 3*v**2 - 21*v + 12. Let k(o) = -o**2 + 7*o - 4. Suppose 0 = -0*a - 5*a - 55. Let r(h) = a*k(h) - 4*c(h). Calculate r(s).
8
Suppose 5*g + 3*z = 29, -g - 4*z + 4 = -3*g. Let s(u) = -u**3 + 5*u**2 - 3*u - 7. Give s(g).
-3
Let h(s) = -11*s - 7. Let p(c) = -4*c - 2. Let z(q) = 3*h(q) - 8*p(q). Suppose 2*r = -9 - 1. Let k be (2 + 2)/(r/5). Determine z(k).
-1
Suppose u + 4*m = 12, -u - 372*m + 6 = -374*m. Let j = 9 + -1. Let p(r) = 0*r - r**3 + j*r**2 - 4 + r + 1. Give p(u).
5
Let z(p) be the first derivative of -5*p**3/3 - p - 5. Let u = -12 - -10. Let b = -1 - u. Determine z(b).
-6
Let u be 3 + (9/(-3) - -5). Let p(z) = -z + 2. Calculate p(u).
-3
Suppose 2*w - 11 + 1 = 0. Let b(v) be the third derivative of 0*v + 3*v**2 + 1/12*v**4 - 2/3*v**3 + 0. Give b(w).
6
Let z(p